- 3*m**2. Suppose 27 = -9*i - 9. What is v(i)?
0
Let h(f) = -f + 159 + 3*f - f - 169. Give h(10).
0
Let c(o) be the first derivative of -o**4/4 + 8*o**3/3 - o**2 - o - 155. What is c(8)?
-17
Let c(p) = -p**3 + 2*p**2 + 7*p - 5. Let k = -27 - -29. Suppose -i + 3*b + 16 = 0, k*b + 40 = 4*i + 16. Calculate c(i).
-9
Let z be (6/(-4))/(3/(-6)). Let t(p) = 6*p**3 - 6*p**3 - p**2 - p**z - 3 + 1. Suppose -3*b = k + 4*k + 22, -3*b = k + 14. What is t(k)?
2
Let k be ((-6)/2)/(1/3). Let z = k + 12. Let f(l) = l - 7. Give f(z).
-4
Let v(f) be the first derivative of f**3 - 4 + 5/2*f**2 + 1/12*f**4 - 6*f. Let k(i) be the first derivative of v(i). What is k(-6)?
5
Let r(m) be the first derivative of m**2/2 - 3*m + 61. What is r(2)?
-1
Let z(j) = -j**3 + 5*j**2 + 7*j + 6. Let d be -5*(-2 - -1*(-4)/(-5)). Determine z(d).
12
Let k(r) = r - 2. Let n(y) = 55*y - 5. Let m(w) = -2*k(w) + n(w). Give m(-1).
-54
Let o = 42 - 26. Suppose 4*x + 4*a - o = 0, 14 = 6*x - 3*x + 4*a. Let q(g) = -g. Determine q(x).
-2
Let s be -5 - 6/(5 + -8). Let b(l) = -l - 4*l**2 + 2*l**3 - 2*l**3 - l**3 - 2. What is b(s)?
-8
Let m be 6 - (-1)/(3/(-12)). Let l(n) = -7 + n**2 - 2*n**m + 0*n**2 + 6*n. Calculate l(5).
-2
Let m(h) = -h**2 + 47*h + 103. Let p be m(-2). Let n(o) = 4*o - 16. Let v(q) = q - 4. Let b(y) = -2*n(y) + 9*v(y). Give b(p).
1
Let r(w) = -1018 + w**3 - 2*w - 3*w**2 + 0*w**2 + 1019. Let p = -4 - -7. Determine r(p).
-5
Let t(g) be the second derivative of -g**4/12 + 2*g**3/3 - 2*g. Suppose 15 = 5*j + 2*c - 15, j + c = 6. Determine t(j).
-12
Let t(z) be the second derivative of -z**5/20 - 7*z**4/12 - z**3 - 2*z**2 - 26*z + 1. Determine t(-6).
-4
Let i be 16/14 - (-2220)/777. Let a(k) = -2*k - 6. Give a(i).
-14
Let o(p) be the second derivative of p**3/6 - 8*p**2 + 699*p. Give o(11).
-5
Suppose -2*m = -2*l, 5*l = -3*m + 4*m + 8. Let t(j) = j - 1. Calculate t(l).
1
Suppose 4*n = 5 + 15. Suppose 0 = -n*a + 10*a - 25. Let b(g) = g**3 - 6*g**2 + 7*g - 6. Give b(a).
4
Let p(t) = 4*t + 15*t - 20*t - 7. Calculate p(5).
-12
Let n(q) = -15*q + 4 - 4 + 12*q + 0 + 3. What is n(-5)?
18
Let o(b) = b**2 - 10*b. Let x(r) = -r**2 + 10*r - 22. Let q be x(6). Suppose 0 = -w - q*z, z + 7 = 2*w - 13. What is o(w)?
-16
Let b = 77/54 + 2/27. Let h(w) be the first derivative of -w - 2 + b*w**2. Give h(3).
8
Let u(p) = -4*p + 7. Let q = -5 + 7. Let y(x) = -4*x + 2*x + 6 - q*x. Let t(k) = 2*u(k) - 3*y(k). What is t(3)?
8
Let h(z) = -11*z**3 - z**2 + 29*z + 10. Let q be 2 + (-2)/(-3) + 1/3. Let k(d) = -4*d**3 + 10*d + 3. Let n(c) = q*h(c) - 8*k(c). Calculate n(-5).
21
Let j = -1176 + 1176. Let g(a) be the third derivative of 0 - 1/6*a**4 + 0*a**3 + j*a - 9*a**2. Determine g(1).
-4
Let s(b) = b**2 + b + 1. Suppose 30 = -7*k + 2*k. Let i(l) = -7*l**2 - 6*l - 16. Let w(g) = k*s(g) - i(g). Give w(0).
10
Let y(r) = -14*r - 15. Let u(z) = -5*z - 5. Let l(p) = 17*u(p) - 6*y(p). Let q(n) = 3*n - 15. Let g(x) = 17*l(x) + 6*q(x). Determine g(8).
3
Let w(n) be the second derivative of 5*n**3/6 + n**2/2 - 7*n. Let r(h) = 11*h + 2. Let z(m) = 6*r(m) - 13*w(m). Determine z(7).
6
Let c(h) = 3*h**2 + 3*h**2 - 4*h**2 - 8*h + h**3 - 2 + 6*h**2. Calculate c(-9).
-11
Let x(h) = 15*h - 4. Let l(q) = 4*q - 1. Let u = 33 + -24. Let w(b) = u*l(b) - 2*x(b). Determine w(2).
11
Let o(d) be the second derivative of -d**4/12 - 2*d**3/3 + 2*d**2 + 23*d - 5. Give o(-8).
-28
Let y(w) = w**2 + 2*w - 2. Let h be (-2 - 3/3)*-1. Suppose b + h*v = -2*b - 159, 2*b + 102 = 2*v. Let o be b/(-20) + (-6)/10. Calculate y(o).
6
Suppose -7*b - 106 = -15. Let z(m) = -3*m - 45. Let l be z(b). Let n(p) = p**2 + 8*p - 1. What is n(l)?
-13
Let q(u) be the third derivative of u**4/8 + u**3/2 - 5*u**2 + 43. Give q(2).
9
Suppose 4*q - q = -12. Let l be 0 - (-4 + 3 + -1). Let h(a) = l*a - 3*a + 2 + 0*a**3 - 2*a**3 + 4*a**2 + 3*a**3. Determine h(q).
6
Let n(f) be the second derivative of -21*f**5/20 - f**4/6 + f**3/3 - f**2/2 + 12*f + 3. What is n(1)?
-22
Let p(y) be the third derivative of -y**9/30240 - y**7/2520 - y**6/720 + y**5/4 - 35*y**2. Let t(d) be the third derivative of p(d). What is t(-1)?
3
Let r(m) = -2*m**2 + 2*m**3 + 39 + 81 - 4*m - 120. What is r(3)?
24
Let r(g) = -8*g**2 + 11*g - 2. Let z(l) = -4*l**2 + 5*l - 1. Let m(h) = -6*r(h) + 13*z(h). What is m(-1)?
-4
Let f = -495 - -496. Let i(x) = 3*x**2 + 2*x - 2. Determine i(f).
3
Let t(a) be the second derivative of a**4/12 + 3*a**3 - 19*a**2/2 + 18*a. Let w be t(-19). Let h(p) = -p**3 - p**2 + p + 7. What is h(w)?
7
Let z(p) be the third derivative of -p**6/120 + p**5/20 + p**4/8 - p**3/2 + 45*p**2. Give z(4).
-7
Let t(z) = z**2 - 6*z - 8. Let h(s) be the second derivative of 4*s**3/3 - s**2 - 65*s. Let c = 1 - 0. Let w be h(c). Determine t(w).
-8
Let l(y) = 2*y + 11. Let o be l(-5). Suppose -c - 12 = -5*k, -4*c - c = 5*k. Let v(p) = -k + 3*p + 1 + 14*p**3 - 2*p. What is v(o)?
14
Let f be 1/3*(3 - 9)*-1. Let a be (-1)/(-1)*-3*-2. Suppose -4*g = -a*g - f. Let k(h) = -6*h**2. Give k(g).
-6
Let z = -20 - -14. Let n(r) = 5*r**3 - 14*r**2 - 2*r - 6. Let t(m) = -m**3 + m**2 - m + 1. Let x(k) = z*t(k) - n(k). Calculate x(-7).
-7
Let x(l) = l**3 - 2*l**2 - 2*l - 4. Let m = 493 + -490. Calculate x(m).
-1
Suppose h - 50 = -2*l, -l + 0 = 5*h - 7. Let b = l + -25. Let y(x) = 2*x**3 - 3*x**2 + 3*x - 2. Give y(b).
8
Let o(c) = 10 + 8*c - 35 + c - c**2 + 18. Give o(5).
13
Let g(s) = 37*s - 335. Let j be g(9). Let f(v) = -2*v - 8. Let a(o) = o + 4. Let u(c) = 7*a(c) + 3*f(c). What is u(j)?
2
Suppose -4*a + 17 = 21. Let j(p) = 23*p**3 + p. What is j(a)?
-24
Let a(l) = 7*l + 16. Let g(k) = 3*k + 8. Let j(s) = -2*a(s) + 5*g(s). Let o(c) = c**2 + 16*c + 5. Let b be o(-15). Determine j(b).
-2
Suppose -4*h + 3*v + 20 = 0, -13*v + 8*v = 3*h + 14. Let q(n) = -2 + 2*n**2 - 1 - 7*n**2 + 2*n**h + n**3 - 2*n. Give q(4).
5
Let z(k) = k**3 + 3*k**2 - k - 6. Suppose -17 = 8*w + 7. Calculate z(w).
-3
Let y(v) = 5 - 16 + 4*v**2 + 6 + 2*v**3 + 7. Give y(-3).
-16
Let o = -128 - -129. Let y(g) = 7*g**3 - 2*g + 1. Give y(o).
6
Suppose -3*b + 15 = 9. Let h(w) = 3*w**2 + w - 1. Let i(v) = -4*v**2 - 2*v + 1. Let l(m) = b*i(m) + 3*h(m). Suppose -u = -5*u + 12. Give l(u).
5
Let u(o) = 7*o + 1. Let l(c) = c**2 + 2*c + 3. Let k be l(-2). Let x be 2*(2/(-4) - -1). Let w be ((-6)/(-18))/(x/k). Calculate u(w).
8
Let v be 7/((-7 + 10)/(-3)). Let b(x) = -2*x - 18. Calculate b(v).
-4
Let q(a) be the third derivative of a**4/24 + a**3/6 - 71*a**2. What is q(4)?
5
Let i(o) = 2*o**3 + o**2 + o + 1. Let f be i(-1). Let w(p) = -19*p + 36. Let n(v) = 10*v - 20. Let h(y) = 9*n(y) + 5*w(y). What is h(f)?
5
Let z(k) = -k**3 - 6*k**2 + 4*k + 17. Let n be z(-6). Let d(t) = -2*t + 1 + 2*t**2 - 5*t**2 + 2*t**2 - 6*t. What is d(n)?
8
Let l(c) = -c**3 - 10*c**2 + 11*c - 3. Suppose 3*t = 3*d + 30, -5*d - 3*t - 56 = -2*t. Let n be l(d). Let i(q) = -3*q + 3. Determine i(n).
12
Let m(n) be the third derivative of 0*n - 1/24*n**4 + 0 + 11*n**2 + 7/6*n**3. Suppose -3*u = -5*k + 20, -2*k = k - u - 16. What is m(k)?
0
Let k(m) be the second derivative of -m**3/6 - m**2 - 2*m + 12. Give k(-3).
1
Let r(y) be the third derivative of y**5/12 + y**4/8 - 5*y**3/6 + 7*y**2. Let o(h) = 11*h**2 + 6*h - 11. Let t(n) = -4*o(n) + 9*r(n). Give t(-5).
9
Let u(c) be the first derivative of c**2/2 - 6*c - 76. What is u(0)?
-6
Suppose 95*w = 11*w - 1596. Let n(d) = -d**3 - 20*d**2 - 17*d + 43. Give n(w).
5
Let v(c) = -1 - 9*c - c**2 + 3 - 4. Let t(z) = -86*z**3 - z**2 + z + 1. Let u be t(-1). Suppose -3*y + u = 103. Calculate v(y).
16
Let w(y) = -15*y**2 - 2*y + 1. Let l(g) = -65*g + 2. Let n be l(1). Let f = n - -64. Calculate w(f).
-16
Let b be (-2 - -3)*9/(2 - -1). Suppose -a + 2*j = -b*a + 24, -3*a + 3*j = -18. Let i(p) = -p**2 + 10*p - 6. Determine i(a).
3
Suppose o = -4*k + 14, -5*o - 2*k + 40 = 3*k. Let x(p) = -4 + 18*p**3 - 11*p**3 - 2 - 6*p**2 - o*p**3. Determine x(6).
-6
Let k(g) = -g**3 + 4*g**2 + 6*g - 5. Let o(s) = -s + 1. Let x(c) = k(c) + 4*o(c). Suppose 101 = 5*y - 39. Let a = -24 + y. Give x(a).
7
Let l = -487 - -496. Let v(q) = -q**2 + 7*q + 13. Determine v(l).
-5
Let p(m) = m**2 - 15*m - 1. Let b(v) = v**3 - 2*v**2 - 3*v + 15. Let l be b(0). What is p(l)?
-1
Let q(h) = 5*h**3 + 5*h**2 + 10*h. Let n(a) = -a**3 - a**2 - 2*a. Let w(x) = -8*x + 5. Let v be w(2